74 + -36. Let s = -28 + a. Let q be (-42)/30*s/(-1). What is the greatest common divisor of q and 35?
7
Suppose j + u - 377 = 0, -12*u = 5*j - 11*u - 1861. Calculate the greatest common divisor of j and 525.
7
Suppose -2*w - 5*j = -766, 3*w + 1550 = 7*w + j. Suppose -3*h + p = -w, 2*p = -3*h + 6*h - 392. Calculate the greatest common factor of h and 32.
32
Let y(k) = -15*k - 64. Let a be y(-8). Let w be (-44)/(-10) + 8/(-20). Suppose -w*j + 32 = -0*j. Calculate the highest common factor of j and a.
8
Let p = 112 - 124. Let a be p/(-21) - 2448/(-126). Calculate the highest common divisor of 460 and a.
20
Let l = 45 - 46. Let d be -1 + (10*l)/(-2). Suppose -4*p = -y + 23, -d*y + 135 = -5*p - 1. Calculate the highest common factor of 13 and y.
13
Suppose -5*c = 3*g - 33 - 603, -3*c + 382 = 2*g. Calculate the highest common divisor of c and 182.
14
Let g(h) be the second derivative of 17*h**3/6 - 45*h**2 + 3*h + 33. Let p be g(12). Calculate the greatest common divisor of p and 19.
19
Let y be 332/16 + 1/4. Let u(p) = -p**3 - 18*p**2 + 32*p + 917. Let n be u(-17). Calculate the highest common factor of y and n.
21
Let a = 117 - 62. Suppose -1495*h = -1490*h - 40. Suppose 0 = h*c - 103 - 73. What is the highest common divisor of a and c?
11
Let m be (-6)/(-8) - ((-109791)/44 + -10). What is the greatest common factor of m and 98?
14
Let o(b) = -2*b**3 - 9*b**2 - 7*b - 4. Let a be o(-4). Suppose 4*j + 3*d + 178 = 5*j, j = -3*d + 166. Calculate the greatest common divisor of j and a.
4
Let t = -823 + 828. Let x(f) = f**3 + f**2 - 18*f + 52. Let q be x(t). Calculate the highest common factor of q and 504.
56
Let q = -35307 + 40879. What is the greatest common factor of 1791 and q?
199
Suppose -5*h + 156 - 51 = 0. Suppose 0 = 219*c + 245*c - 11154 - 50558. What is the highest common factor of c and h?
7
Let l be ((-1)/((-3)/250))/((-216)/(-324)). Let r(x) = -x**3 + x**2 + 2*x + 25. Let t be r(0). What is the highest common divisor of t and l?
25
Let q = -48 - -69. Let m be ((-24)/(-14) - 2) + 489/q. Suppose -30*s + m*s = -308. Calculate the highest common factor of s and 33.
11
Let u(f) = -f**3 + 12*f**2 - 27*f + 14. Let p be u(9). Suppose 1044 = p*s - 2288. Calculate the greatest common divisor of 98 and s.
14
Let f = -8928 - -9118. What is the highest common factor of 180 and f?
10
Let k = 28 - -186. Let m = -375 + k. Let c = -95 - m. Calculate the greatest common divisor of c and 22.
22
Suppose 0 = -62*p - 5644 + 49974. Calculate the highest common factor of p and 33.
11
Let r be 7/(-2) + 3 - (-168)/16. Let y = 3 + 17. Suppose 2*m = -0 + y. What is the greatest common factor of r and m?
10
Let d(q) = -11*q + 5. Let h be d(-5). Let o be ((-3)/9)/(48/(-189936)). Let c = -1229 + o. Calculate the greatest common divisor of c and h.
30
Suppose -3*x = -0*x + 5*l - 1891, 3*x - 1877 = 2*l. Let o = x - 102. Let v be o/42 - 2/4. Calculate the greatest common factor of v and 132.
12
Suppose -5*r + 9 = y - 13, 14 = 4*r + 2*y. Suppose -2*g - 3 = g, -580 = -3*u - r*g. What is the highest common factor of 65 and u?
65
Let p = -27247 + 27286. Calculate the greatest common divisor of 4472 and p.
13
Let s(c) be the second derivative of 7*c**4/12 - 19*c**3/3 + 9*c**2/2 - 79*c. Let g be s(7). What is the greatest common factor of 301 and g?
43
Suppose -35 = k - c - 1712, -3*c = 3*k - 4989. Calculate the greatest common divisor of k and 10.
10
Let k(n) = -79*n + 1788. Let h be k(22). Suppose 1375 = -2*g + 7*g. What is the greatest common divisor of g and h?
25
Let h = -48 + 219. Suppose 0 = 180*g - 179*g - h. What is the highest common factor of 19 and g?
19
Let f(d) = d**3 + 12*d**2 + 13*d + 14. Suppose -y = -2*a + 14, 0 = -y - 8*a + 3*a. Let p be f(y). What is the greatest common factor of 28 and p?
28
Suppose -82 + 25 = -k. Let p be (3/(-9))/((-1)/k). Calculate the greatest common divisor of p and 76.
19
Suppose 9 = 4*f - 3*f + 4*m, -2*m - 13 = -3*f. Let l be (f - -1*28) + 6/2. What is the greatest common factor of l and 16?
4
Let f = 2808 + -2577. Calculate the highest common factor of 1540 and f.
77
Suppose -2*o + 136 = w - 75, 3*w = -2*o + 617. Suppose -4*m + 150 + 94 = -4*a, -3*m - 2*a = -w. What is the highest common divisor of m and 26?
13
Suppose 131*m - 76 = 126*m + o, m - 16 = o. What is the greatest common factor of m and 1840?
5
Let a(l) = 4*l - 47. Let t be a(24). Let f(c) = -2*c**3 - 22*c**2 - 116*c - 5. Let p be f(-8). What is the greatest common factor of p and t?
49
Suppose -537*f + 532*f + 5*j = -15, 3*j = 4*f - 15. Calculate the highest common divisor of f and 2526.
6
Let i(t) = 5*t**3 + 2*t**2 + 324*t - 1665. Let b be i(5). What is the greatest common factor of b and 774?
18
Suppose 7*g = 10*g - 15. Let t be (6 + 288/(-30))*g/(-2). Suppose 3*r - t - 3 = 0. Calculate the highest common divisor of 68 and r.
4
Let w(x) = 2*x - 9. Let t be w(6). Let f = 0 - t. Let y be (13 + (0 - f))*7/2. Calculate the greatest common divisor of 8 and y.
8
Suppose 3*r = -q + 11, 2*r = r + 5*q - 23. Let x be 2 + 343 + (11 - (4 + r)). Calculate the highest common factor of 28 and x.
14
Let k be (1 + 1)*165/2. Suppose -f - 127 = g, -162*g + 529 = -4*f - 159*g. Let h = k + f. What is the highest common divisor of 315 and h?
35
Let j be (0 - (-36)/5)*(-920)/(-138). What is the highest common divisor of 186 and j?
6
Let p(x) = 14*x + 43. Let c be p(-9). Let s = c + 89. Calculate the highest common factor of 24 and s.
6
Let v(l) = 257*l**2 - l - 1. Let b be v(-2). Let n be -1 + (10 + -406)/(-18). Calculate the greatest common divisor of b and n.
21
Let d be 5 - (-6 + 5)/((-1)/463). Let x = d - -562. What is the highest common divisor of x and 78?
26
Let w = -35 - -37. Let q be ((-7)/(-14))/(w/48). Let l = -70 - -130. What is the highest common divisor of l and q?
12
Suppose -32*n + 530 = 4*q - 30*n, -q = 4*n - 136. Calculate the greatest common factor of q and 88.
44
Let a = -141 - 8. Let p = a - -215. What is the highest common factor of 231 and p?
33
Suppose -11*s - 10*s = 13986. Let k = s + 690. What is the greatest common factor of k and 30?
6
Suppose 0 = 2*b + 26*d - 21*d - 228, 2*b - 204 = d. What is the highest common divisor of 988 and b?
52
Let n(w) = w**3 - 26*w**2 - 46*w - 266. Let f be n(28). What is the greatest common divisor of 37198 and f?
14
Let x be (4/(-5))/((-6)/165). Suppose 19*k - x*k = -564. Suppose -5*f + 802 + k = 0. What is the greatest common divisor of 18 and f?
18
Let p = 68 + -66. Let t(k) = 0 + 7*k**2 + 12*k**p + 3 - 4. Let l be t(1). What is the greatest common divisor of l and 144?
18
Suppose 85*f = 84*f + 14. Let k(h) = h + 61. Let m be k(f). Calculate the greatest common factor of 10 and m.
5
Let k be (-936)/4*1120/(-1260). Suppose 7*s = 3*s + 16. Suppose s*m - 3*m = 13. Calculate the highest common factor of m and k.
13
Let k be ((-4)/(-10))/(22/55) - 182. Let p = -119 - k. Suppose p + 133 = c. Calculate the highest common factor of 78 and c.
39
Suppose 4*q - 3 - 13 = 2*v, -4*q = -5*v - 22. Let b be (-3 - -43)*(-26)/(-10)*v. Let k = b + 298. What is the greatest common factor of 10 and k?
10
Let m(s) = s**2 + 6*s + 8. Suppose 10*q = 6*q - 20. Let l be m(q). Let y = -231 + 246. What is the greatest common divisor of y and l?
3
Suppose 5301 - 4989 = 8*p. What is the greatest common factor of 16887 and p?
39
Let y be (0 + (-484)/16)*5/(35/(-56)). Calculate the greatest common divisor of y and 22.
22
Suppose 16081 = 10*g - 76219. Calculate the highest common divisor of g and 40.
10
Suppose 2*i + 21 = 3*i. Let x = i - 11. Suppose -5*o = 3*u - 150, -3*u = -5*u - o + 100. Calculate the highest common factor of x and u.
10
Let t(y) = 2*y**2 - 205*y + 5403. Let r be t(53). Calculate the highest common factor of 4940 and r.
52
Suppose 54 = -w + 2*w. Suppose 2*t = 4*t - w. Let n be (1 + 2)/(5 + -8 + 20/6). Calculate the highest common factor of n and t.
9
Let u be 830/70 - 18/(-126). Calculate the highest common factor of 351 and u.
3
Suppose 19*a = 159 + 164. Suppose 3*m = -x + 34, -a*m - x = -13*m - 46. Calculate the greatest common factor of 10 and m.
2
Let w be 10 + (0 - 3)*1. Let y(q) = 65*q + 25. Let r(v) = 8*v + 3. Let j(x) = 25*r(x) - 3*y(x). Let i be j(w). Calculate the highest common factor of 7 and i.
7
Let q = -325 - -672. Let s = q +